Is w(7) prime?
False
Let f(o) = 2*o**3 + 28*o**2 - 250*o - 37. Is f(26) prime?
True
Is 818/(-6)*(0 - -846)/(-6) a composite number?
True
Is ((-8)/6)/(28/(-37086)) a composite number?
True
Is ((-4)/(-6))/(46/20217) composite?
False
Suppose -5*r + 2560 = 5*u, 4*u = -u + 15. Is r a prime number?
True
Let i(l) = l**2 - 4*l - 1. Suppose -2*a + 2*t = 0, 3*a + a = 3*t + 2. Suppose -4 = -b - 2*f, -6*f = b - f + a. Is i(b) composite?
False
Let v(o) = -42*o**3 - 3*o**2 - 5*o + 5. Let c be v(-5). Suppose 0 = -5*s + 5*t - 0*t - c, 3*s = 4*t - 3120. Let h = s - -1535. Is h composite?
False
Is (-10 + 7)/(9/(-9762)) a composite number?
True
Suppose 0 = 5*b - 29048 - 20017. Is b a prime number?
False
Let y(w) = 304*w + 293. Is y(17) prime?
False
Suppose 4*v - 20 = 0, -4*v = 4*g - 5*v - 11. Let b = 2 - g. Let t = b + 85. Is t composite?
False
Let k(n) = 27*n**2 - 2*n - 8. Let v(u) = -3*u - 2. Let s be v(1). Is k(s) composite?
False
Let p be 2/(-8) + 6690/8. Let k be p/2 + 3 + 1. Suppose k = 11*d - 9*d. Is d composite?
False
Let p(d) = 35*d**2 - 8*d - 3. Let y be p(6). Suppose y = 2*u + 319. Suppose 6*v = v + u. Is v a prime number?
True
Suppose 19*c - 981106 = 5*c. Is c composite?
False
Let n(a) = 4*a**3 - 2*a**2 + a. Let u be n(1). Suppose -2*c + 8 = -0*c, u*c - 569 = -f. Is f prime?
True
Let d(q) = -q**2 - 4*q + 1. Let c be d(-1). Suppose 0 = c*r + 7*r - 2959. Is r a prime number?
True
Let c be (-2)/13 + 15/13. Let i(z) = 1658*z**3 + z**2 - 2. Is i(c) a prime number?
True
Let i(z) = -159*z + 2. Let x be i(-5). Let t = x + 70. Is t - 8/4*-1 a composite number?
True
Suppose 4*s + j = 3871, -3693 = -5*s + 5*j + 1127. Is s a prime number?
True
Suppose c = 2*c + 385. Let y = 23 - c. Let d = y - 185. Is d composite?
False
Is 4 - (5 + -30294)/7 composite?
True
Let t(q) = -2*q**3 - 11*q**2 - 10*q - 4. Let m be t(-8). Suppose -m = -4*f + 2*y, y - 297 = -f - 2*f. Suppose f + 112 = b. Is b prime?
True
Let w = 770 + -314. Suppose -11*v = -15*v + w. Suppose v = 3*q - 0. Is q a prime number?
False
Let x(s) = 142*s + 137. Is x(32) a prime number?
False
Let k(w) = 42*w**3 + 4*w**2 + 6*w - 10. Let t be k(4). Suppose 5*i - 6418 = 3*s, 9182 - t = 5*i - s. Is i prime?
True
Let v = -7569 + 13147. Is v a composite number?
True
Let c(p) = 71*p**2 - 14*p - 61. Is c(10) composite?
False
Let i = -41756 - -69367. Is i a prime number?
True
Let v(k) = -15*k**3 - 2*k**2 - 3*k - 3. Suppose j - 2*j - 2 = -4*t, -j - 2*t = -4. Suppose g - j*g = 2. Is v(g) a composite number?
True
Suppose 3*a + a = -40. Let x = -4 - a. Suppose -g - 445 = -x*g. Is g prime?
True
Let b(c) = 9*c - 51. Let j be b(6). Suppose 2*p - 5*g = 1030, 2*p = -4*g + j*g + 1006. Is p prime?
False
Is (-30)/12*3394*2/(-5) a composite number?
True
Let a(p) = -1 - 2 + 2*p + 5 - 7*p. Is a(-13) a composite number?
False
Suppose 3*n + 5*s - 13293 - 4820 = 0, -3*n = s - 18097. Is n a prime number?
False
Is (-20)/(-8)*147372/30*1 a composite number?
False
Let x(n) = 14*n**2 - n - 17. Suppose q + 6 + 2 = 0. Is x(q) a composite number?
False
Let b be (1 - (-7 + 5))/(21/455). Suppose -2*j = 4 - 12. Suppose j*y - b = 291. Is y a composite number?
False
Let a(h) be the first derivative of h**5/12 - h**4/24 - 3*h**3/2 + h**2 - 4. Let f(k) be the second derivative of a(k). Is f(-5) a prime number?
False
Let a be ((-12)/15)/(1/(-5)). Is (356/(-6))/(a/(-6)) prime?
True
Suppose -349 + 40 = -3*x. Let i = x - 10. Is i a composite number?
True
Let n(w) be the second derivative of -w**5/4 - w**4/2 + 3*w**2/2 - 36*w. Is n(-8) a prime number?
True
Suppose -14*i + 2206 = -5200. Is i a prime number?
False
Let n(q) = q + 13. Let y be n(-8). Suppose y*w = -w + 3390. Is w a composite number?
True
Suppose -13*l = 8 - 34. Is 5/(-20)*l*(-3508)/2 composite?
False
Let a = 204 - -1267. Is a a prime number?
True
Let b(o) = -384*o**2 - 6*o + 1. Let h(z) = -767*z**2 - 11*z + 2. Let q(j) = 11*b(j) - 6*h(j). Suppose 0*k - 2*k + 2 = 0. Is q(k) prime?
False
Let u be (-20108)/(-20) - 4/10. Suppose 0 = -0*o + 5*o - u. Let f = -88 + o. Is f prime?
True
Let f = -909 - -2348. Is f a composite number?
False
Suppose 3*m + 5*m = 94376. Is m a prime number?
False
Suppose -5*w - n + 34 = -2*w, n = w - 18. Suppose -4*i + 89 = w. Is i a composite number?
False
Let g = 1764 - -111. Let y be (-1612 + -2)*46/138. Let d = g + y. Is d prime?
False
Let i = -147 + 155. Suppose 0 = -i*r + 38254 - 9110. Is r composite?
False
Suppose -3583 = 8*l - 25079. Suppose 5*d - c - 668 = 4*d, -l = -4*d + c. Is d a prime number?
True
Suppose 21 = 4*t + 3*t. Is t/(-6)*8/(-2) + 35 a prime number?
True
Let u = -551 + 322. Let b = 642 + u. Is b a prime number?
False
Suppose 208*j - 213*j + 1495 = 0. Is j prime?
False
Let t(s) = 7*s**2 - 10*s + 70. Is t(22) prime?
False
Is (-80296)/16*(-6 - -4) a composite number?
False
Is 89 + -82 - (-11856 - (0 - 0)) a prime number?
True
Let c(u) = -4*u**3 + 5*u**2 - 5*u - 9. Is c(-5) a composite number?
False
Let f(p) = -11*p. Let d = 10 + -18. Let w be f(d). Suppose c = 5*c - w. Is c prime?
False
Suppose 85 = 4*u + 17. Suppose f = -2*k - 2, -19 = 5*k - 3*f + 2*f. Is (1 - u - k)*-17 a prime number?
False
Suppose 0 = -28*q + 38*q - 153710. Is q prime?
False
Suppose 14370 = 57*q - 44169. Is q prime?
False
Suppose 25 = 2*a + 5*o - 2*o, 3*a - 4*o = 12. Is a/2 + 0 + 17 prime?
False
Suppose 4*y = -b + 31287, 27180 = 2*b + 5*y - 35409. Is b prime?
True
Let t(w) = -701*w - 232. Is t(-21) a prime number?
True
Let i be (-828)/45*15/(-6). Let w = -31 - -91. Suppose -i = -2*s + w. Is s prime?
True
Suppose y - 5*w = -659, 2*y + w + 0*w = -1296. Let m = 1118 + y. Is m prime?
False
Let a(m) = m + 10*m + 1 + 102*m**3 - 12*m - m**2 + 0*m. Is a(3) a prime number?
False
Let q(t) = 915*t**2 - 2*t - 10. Is q(-3) a composite number?
False
Let x = 2477 - 1356. Is x a prime number?
False
Let w(c) = -c**3 + 5*c**2 + 32*c + 13. Is w(-8) a composite number?
True
Let p(x) = x**3 - 7*x**2 + 8*x - 8. Let l be p(6). Suppose -l = j - 3*j. Suppose -2*g = j*s - 166, 3*g - 5*s - 292 = -75. Is g a composite number?
False
Let b be (8 + -3 - 8) + 5. Let w(f) = 16*f**3 - 5*f**2 + f + 3. Is w(b) composite?
False
Let u = 12092 - 7561. Is u a composite number?
True
Let v be 31/(-4) - 4/16. Is (-3)/(v/32*(-8)/(-274)) prime?
False
Let x be 2/(-3) - 160/(-24). Let h be (-10)/x - (-4)/6. Is 896/6 + h/3 composite?
False
Suppose 8 = j + t, 0 = j - 4*j - 5*t + 32. Is 797 + 0/((j - 5)*1) a composite number?
False
Let n be (-1 - -2)/(1/109). Let s = n - 46. Suppose -u + s - 12 = 0. Is u a composite number?
True
Suppose 0 = 2*k - 3*d - 11176, 0 = -3*k - k - 5*d + 22330. Is k a prime number?
False
Suppose 0*u + 4*u - 7488 = 0. Let d be (-13)/(-65) + u/(-10). Let r = -128 - d. Is r composite?
False
Is (-4)/(-3) + (-1)/(66/(-584078)) a composite number?
True
Suppose 4*x - 1 + 25 = 0. Let r(l) = -l**3 + 12*l**2 - 6*l - 5. Is r(x) composite?
True
Let o be ((-48)/(-15) - 4)/((-6)/15). Suppose -4*v - 9 = -1, -c = o*v - 2923. Is c a prime number?
True
Let z = -8 + 14. Let c(a) = 113*a + 1. Is c(z) a composite number?
True
Let w be -1 + -1 + 5866 + 4. Suppose 0 = -0*a + 6*a - w. Let n = a + -559. Is n a prime number?
True
Let p(l) = 8*l - 792. Let y be p(0). Let h = y + 1943. Is h prime?
True
Let c(n) = 5*n**2 - 2. Let p be c(-4). Suppose -z + p = z. Is z a composite number?
True
Let a = -3 - -5. Let l(p) = 0*p**2 + 6*p**a + 14 - p**2 + 4*p - 4*p**2. Is l(-6) a composite number?
True
Let y(p) = -p**3 - 9*p**2 - 8*p + 5. Let s be (-4 + 30/9)*12. Let m be y(s). Suppose -3*j - 6*u + 2*u = -98, -m*u + 29 = j. Is j composite?
True
Suppose -2*p - i + 5 = 0, -2*i + 7 = -2*p - 7*i. Is ((198/p)/(-9))/(2/(-28)) prime?
False
Let a(v) = -581*v + 44. Let l be a(-7). Let f = l + -2920. Is f prime?
False
Let g = -22 - -24. Is (-9 + g)*-71 + 2 a composite number?
False
Let x(j) = j**3 + 10*j**2 - 14*j - 11. Let r be x(-10). Suppose -y = -p + 145, -r = -4*p - 4*y + 435. Is p a composite number?
True
Let w be (-13)/(-13)*(-1)/((-1)/5). Suppose -2*c = 7 - 3, 4*v + w*c - 4642 = 0. Is v a prime number?
True
Let h(k) = k**3 - k**2 - 3*k + 34. Let m be h(0). Let d = 33 + m. Is d a composite number?
False
Suppose 15*d + 3*k + 14315 = 17*d, -5*k - 35800 = -5*d. Is d composite?
True
Suppose 8*n - 2 = 9*n. Is (-1 - 585)/(n/1) prime?
True
Let y = 1118